{"id":800,"date":"2022-01-05T17:49:39","date_gmt":"2022-01-05T22:49:39","guid":{"rendered":"https:\/\/avmq.org\/?page_id=800"},"modified":"2022-01-10T14:02:08","modified_gmt":"2022-01-10T19:02:08","slug":"immatriculer-2","status":"publish","type":"page","link":"https:\/\/avmq.org\/?page_id=800","title":{"rendered":"CALENDRIER"},"content":{"rendered":"\n<div style=\"height:40px\" aria-hidden=\"true\" class=\"wp-block-spacer\"><\/div>\n\n\n\n<h2 class=\"wp-block-heading\">Ce calendrier contient les activit\u00e9s organis\u00e9es par l&rsquo;AVMQ<\/h2>\n\n\n\n<h3 class=\"wp-block-heading\">Vous y trouverez \u00e9galement d&rsquo;autres activit\u00e9s en lien avec les v\u00e9hicules militaires (ou antiques) organis\u00e9es par nos partenaires. <\/h3>\n\n\n\n<h3 class=\"wp-block-heading\">N&rsquo;h\u00e9sitez pas \u00e0 <a href=\"https:\/\/avmq.org\/?page_id=99\" data-type=\"page\" data-id=\"99\">nous contacter<\/a> si vous organisez un \u00e9v\u00e8nement !<\/h3>\n\n\n\n<br>\n<center>\n<iframe loading=\"lazy\" src=\"https:\/\/calendar.google.com\/calendar\/embed?height=600&amp;wkst=1&amp;bgcolor=%23ffffff&amp;ctz=America%2FToronto&amp;title=ACTIVIT%C3%89S%20AVMQ&amp;hl=fr_CA&amp;src=YXZtcS5vcmdfNzNpam5yMjZvOGJrdDhjZXJtanJwN2c4M2tAZ3JvdXAuY2FsZW5kYXIuZ29vZ2xlLmNvbQ&amp;color=%23404739\" style=\"border-width:0\" width=\"800\" height=\"600\" frameborder=\"0\" scrolling=\"no\"><\/iframe>\n<\/center>\n\n\n\n<figure class=\"wp-block-image size-large\"><img loading=\"lazy\" decoding=\"async\" width=\"1024\" height=\"310\" src=\"https:\/\/avmq.org\/wp-content\/uploads\/2022\/01\/AVMQ-BANNER-WEB-HEADER-1024x310.jpg\" alt=\"\" class=\"wp-image-796\" srcset=\"https:\/\/avmq.org\/wp-content\/uploads\/2022\/01\/AVMQ-BANNER-WEB-HEADER-1024x310.jpg 1024w, https:\/\/avmq.org\/wp-content\/uploads\/2022\/01\/AVMQ-BANNER-WEB-HEADER-300x91.jpg 300w, https:\/\/avmq.org\/wp-content\/uploads\/2022\/01\/AVMQ-BANNER-WEB-HEADER-768x232.jpg 768w, https:\/\/avmq.org\/wp-content\/uploads\/2022\/01\/AVMQ-BANNER-WEB-HEADER.jpg 1075w\" sizes=\"auto, (max-width: 1024px) 100vw, 1024px\" \/><\/figure>\n","protected":false},"excerpt":{"rendered":"<p>Ce calendrier contient les activit\u00e9s organis\u00e9es par l&rsquo;AVMQ Vous y trouverez \u00e9galement d&rsquo;autres activit\u00e9s en lien avec les v\u00e9hicules militaires (ou antiques) organis\u00e9es par nos partenaires. N&rsquo;h\u00e9sitez pas \u00e0 nous contacter si vous organisez un \u00e9v\u00e8nement !<\/p>\n","protected":false},"author":1,"featured_media":989,"parent":0,"menu_order":0,"comment_status":"closed","ping_status":"closed","template":"","meta":{"_coblocks_attr":"","_coblocks_dimensions":"","_coblocks_responsive_height":"","_coblocks_accordion_ie_support":"","footnotes":""},"class_list":["post-800","page","type-page","status-publish","has-post-thumbnail","hentry"],"_links":{"self":[{"href":"https:\/\/avmq.org\/index.php?rest_route=\/wp\/v2\/pages\/800","targetHints":{"allow":["GET"]}}],"collection":[{"href":"https:\/\/avmq.org\/index.php?rest_route=\/wp\/v2\/pages"}],"about":[{"href":"https:\/\/avmq.org\/index.php?rest_route=\/wp\/v2\/types\/page"}],"author":[{"embeddable":true,"href":"https:\/\/avmq.org\/index.php?rest_route=\/wp\/v2\/users\/1"}],"replies":[{"embeddable":true,"href":"https:\/\/avmq.org\/index.php?rest_route=%2Fwp%2Fv2%2Fcomments&post=800"}],"version-history":[{"count":15,"href":"https:\/\/avmq.org\/index.php?rest_route=\/wp\/v2\/pages\/800\/revisions"}],"predecessor-version":[{"id":1062,"href":"https:\/\/avmq.org\/index.php?rest_route=\/wp\/v2\/pages\/800\/revisions\/1062"}],"wp:featuredmedia":[{"embeddable":true,"href":"https:\/\/avmq.org\/index.php?rest_route=\/wp\/v2\/media\/989"}],"wp:attachment":[{"href":"https:\/\/avmq.org\/index.php?rest_route=%2Fwp%2Fv2%2Fmedia&parent=800"}],"curies":[{"name":"wp","href":"https:\/\/api.w.org\/{rel}","templated":true}]}}